 p.
12
Let n be 2124989/328 - (-4)/32*3. What is the greatest common divisor of n and 22?
11
Let n = 419 - -4. Let x be (-3)/(-5) + n/45. Suppose -63 = 9*u - x*u. What is the highest common factor of u and 7?
7
Let t be 3/((-8 - -8) + -2 - 849/(-420)). What is the highest common divisor of t and 75?
5
Let o(z) = -3*z - 6. Let t be o(-4). Let j(n) = 14*n - 30. Let l be j(3). Suppose -t*v + 4*v = -l. What is the greatest common factor of 15 and v?
3
Suppose 14878 = 59*z + 7878 - 5494 - 18658. Let s be (-5)/(5/24)*-1. Calculate the highest common factor of z and s.
24
Let k be (-5 - 228/(-60))*(-40)/3. Suppose -428 = -3*w + 5*g, -4*w + 9*g + 560 = 5*g. What is the highest common factor of k and w?
8
Suppose -4*x = 3*s - 43922, 0 = 225*x - 230*x + 2*s + 54914. What is the greatest common divisor of x and 38?
38
Suppose -58*h + 1884 - 49 = -1529. Calculate the greatest common factor of 28246 and h.
58
Suppose 23*g - 271178 - 69853 = -34*g. What is the greatest common factor of g and 31?
31
Let i(a) = -a**2 + 8*a - 11. Let x be i(5). Let b = 38 - 33. Suppose 0 = s - 3*s + 8, 22 = b*v - 2*s. What is the greatest common divisor of x and v?
2
Let n(q) = q**3 - 4*q**2 - 4*q + 3. Let g be n(6). Suppose -201*h + 18 = -199*h - 2*a, -2 = -2*h + 4*a. Calculate the highest common divisor of h and g.
17
Suppose 7*r = 42 - 28. Let z(m) = 3*m**3 - 3*m**2 + 5*m - 6. Let d be z(r). Calculate the greatest common divisor of d and 8.
8
Let c = 362 + -266. Suppose 0 = -66*s + 69*s - c. Calculate the highest common factor of s and 320.
32
Let j(g) = 73*g - 6. Let w be j(4). Suppose a + 13 = -3*y + 32, 0 = -2*a + 5*y + 49. Suppose a*k = 10*k + 264. What is the greatest common divisor of w and k?
22
Let q = 1553 - -86. Calculate the greatest common factor of 33 and q.
11
Suppose -14*u + 10*u = -12, -1991 = -2*a - 5*u. Calculate the highest common divisor of a and 456.
76
Let o(y) = -3*y**2 + 33*y + 27. Let v be o(15). Let r = v + 195. What is the highest common factor of 462 and r?
42
Let c = -19890 - -20830. Calculate the highest common factor of c and 260.
20
Suppose -10*m - 354 + 2394 = -7*m. What is the highest common divisor of 24 and m?
8
Let n(v) = -64*v**2 + 3328*v + 18. Let w be n(52). Calculate the greatest common factor of w and 5751.
9
Let f be (6/12)/(18/6120). Suppose 0*a - 4*a + 132 = -m, 5*a - 2*m = 162. What is the highest common factor of f and a?
34
Let t be 7/5 - (9842/(-95) - 5). Let d(k) = -k + 13. Let n be d(8). Suppose -2*j = -n*j + 132. What is the highest common divisor of t and j?
22
Let t be 2 + (-3 - -2 - -4). Let l(w) = -t*w - 34 + 18 + 11. Let g be l(-2). What is the greatest common factor of g and 5?
5
Suppose 0 = 3*h + 2*o - 73, -87*h = -90*h - o + 80. What is the greatest common divisor of h and 4031?
29
Let o = 125804 - 39924. Calculate the highest common factor of 38 and o.
38
Suppose 0 = -4*h + 30*k - 35*k + 85, 0 = -h - 4*k + 24. Let u be (-3)/(-9)*(-336)/(-4). Calculate the greatest common divisor of u and h.
4
Let j(b) be the first derivative of -14/3*b**3 - 1/4*b**4 + 15*b + 9/2*b**2 + 13. Let o be j(-15). Calculate the greatest common factor of 15 and o.
15
Let d(g) = 74*g - 16. Let o(p) = 36*p - 8. Let w(b) = -3*d(b) + 5*o(b). Let i be w(-4). What is the greatest common factor of i and 44?
44
Let t(b) = b**3 + 20*b**2 - 4. Let g be t(-20). Let s be (-5 + -3)/g*8. Calculate the highest common divisor of s and 2.
2
Let k(z) be the third derivative of z**5/15 - 7*z**4/24 - 5*z**3/6 - 2*z**2. Let n be k(-2). Calculate the highest common factor of n and 75.
25
Suppose 4*h - 8 = 0, -4*h - 51 - 33 = -4*a. Suppose -a*j + 96 = -11*j. Suppose 3*k - 7*k + 16 = 0. What is the highest common divisor of k and j?
4
Suppose 32*q - 23*q - 27 = 0. Suppose 21 = q*z - 3*s, z - 23 = 4*s - 7*s. Calculate the greatest common divisor of 352 and z.
11
Suppose -25 = 5*i, 4*v - 295 + 14 = i. Let h = 1493 + -1286. What is the highest common factor of v and h?
69
Suppose z - 316*q - 25 = -311*q, 5*q + 105 = 3*z. Calculate the highest common factor of z and 288.
8
Let o = 28280 - 28220. Suppose -b - 6 = 2*b. Let n = 14 + b. What is the highest common factor of n and o?
12
Let d = -1289 + 1929. What is the greatest common divisor of d and 110?
10
Let i(l) = -154*l + 1551. Let z be i(8). Suppose 3*a - 5*h = 18, 12 + 2 = a + h. What is the highest common factor of z and a?
11
Suppose 5*w - 2*o - 67 = 0, 3*o = -68 + 80. What is the highest common factor of w and 1077?
3
Suppose -951 = -3*r - 3*v, -4*r = 5*v - 783 - 482. Let l be 66/(-8)*r/(-24). Suppose -j - j = -20. What is the greatest common factor of l and j?
10
Let h be (5 - -77 - 80)/((-2)/(-51)). Let l be (67 + 1)/(2 - 1). Calculate the greatest common factor of l and h.
17
Suppose -25*w - 33*w = -63*w + 35. Suppose 4*t = -3*t + 112. What is the highest common factor of w and t?
1
Suppose -119*y + 1983 = -35 - 124. Calculate the greatest common factor of 1098 and y.
18
Suppose -31*a = -6*a - 2025. Suppose p + a = 5*q, 1 = 2*q + 2*p - 29. Calculate the greatest common divisor of q and 496.
16
Let i(q) = -q**2 + 112*q + 3130. Let u be i(134). Let v = 21 + 5. Calculate the highest common divisor of v and u.
26
Let d be ((-17)/4)/(7/24*10 - 3). Calculate the highest common factor of 111 and d.
3
Suppose 22 = -r - 174. Let f = -124 - r. What is the greatest common divisor of 18 and f?
18
Suppose 3*w - 8000 - 3592 = 0. Suppose -w = 95*q - 102*q. What is the highest common factor of q and 46?
46
Suppose 3*a + 807 = 10*b - 7*b, -3*b + 801 = -4*a. What is the highest common factor of 429 and b?
11
Let c = -40 + 45. Suppose -8*j + c*j - 297 = 0. Let f = -85 - j. What is the greatest common divisor of 70 and f?
14
Suppose 0 = 2*g - 5*w + 151 - 386, 2*g + 2*w = 214. Suppose 7*i = -5*s + 9*i + 92, 3*s - 5*i - 40 = 0. Calculate the greatest common factor of s and g.
10
Suppose 311*p = 295*p + 1904. What is the greatest common factor of p and 2312?
17
Let s = 6829 + -6488. What is the highest common factor of s and 11?
11
Let b(t) = 161*t + 3. Let y be b(2). Let a be 4/28 + (82/14 - -7). Calculate the highest common divisor of y and a.
13
Suppose 3*f + 179*a = 178*a + 274, 2*f - 171 = -3*a. What is the greatest common factor of f and 13950?
93
Let s be (-104)/39*(-3)/2. Let r be 1 - (4/s + -3). Calculate the highest common divisor of 33 and r.
3
Suppose y - d = 29, -4*y - 3*d + 33 = -55. Suppose h = -3*c + y, -16*h + 28 = 2*c - 21*h. Calculate the highest common divisor of 1 and c.
1
Let n be ((-336)/15)/(94/(-235)). What is the highest common divisor of n and 497?
7
Let m = -11873 + 11888. Suppose 4*l = 5*a - 1295, 2*a + 0*a = -5*l + 485. What is the greatest common divisor of m and a?
15
Suppose 5*c - 6*c - 1525 = -4*k, -377 = -k - 4*c. Let g be k/2 - (-27)/(-18). What is the highest common divisor of 7 and g?
7
Let g be ((-2)/6 - -1)*9. Let q(i) = -2*i**3 + 30*i**2 + 5*i - 45. Let t = -674 - -689. Let b be q(t). What is the highest common divisor of g and b?
6
Suppose 25*l - 12251 = 1524. What is the highest common divisor of l and 627?
19
Suppose 5*w + 2*d - 44 = d, 11 = w - 2*d. What is the highest common factor of w and 567?
9
Let c be (817 + -3)*-1*(-3)/6. Let t(g) = -g**3 - 10*g**2 - 21*g - 18. Let y be t(-8). Calculate the greatest common factor of c and y.
11
Let g = 3192 - 3180. What is the greatest common factor of 2868 and g?
12
Let c be (-44)/10*30/(-12). Let o be -2 + (-170)/(-2) + 1. Suppose 9*p + o = c*p. Calculate the highest common factor of 63 and p.
21
Suppose 103*x - 87 = 100*x. What is the greatest common divisor of x and 1073?
29
Let q be (-576)/(-80)*(550/(-4))/(-5). Let t = q - 152. Calculate the greatest common divisor of t and 10.
2
Let n be ((-3 - 0) + 4)*0. Suppose n = -h - 4*h + 165. Let c(s) = -s**3 - 4*s**2 + 6*s + 27. Let d be c(-4). Calculate the highest common divisor of d and h.
3
Suppose -y = 13 - 43. Let k be (36/y)/(2/110). Let n(x) = -x**2 + 8*x + 90. Let j be n(-6). Calculate the highest common divisor of k and j.
6
Let q(c) = 14*c + 14. Let s be q(2). Suppose 3*j + 2*h = 10 + 10, 0 = 4*j - 5*h - s. Calculate the highest common divisor of 4 and j.
4
Suppose 0 = 5*x + 2*c - 23036, x - 2095 - 2499 = 4*c. What is the greatest common divisor of 392 and x?
98
Let u(n) = 0 + 6 - 